. Let w = y + -2556. Is w composite?
True
Let a = -18 - -33. Let p be 6/a - 10664/(-40). Suppose 2*w - 115 = p. Is w composite?
False
Let x(i) = -i**3 + 22*i**2 + 11*i - 57. Let d be x(21). Suppose 4*p + 803 = 2*w - d, 5*p = w - 724. Is w prime?
False
Suppose -94*f + 68*f - 7813652 + 39788686 = 0. Is f a prime number?
False
Let h be (234/(-30))/(2/(-270)). Suppose -4*m + h = -4535. Is m a prime number?
False
Let y = -82003 + 114936. Is y prime?
True
Suppose -4*y - 5 = -9*y. Let s be (-6)/(-2) + (y - 2). Let a(r) = 47*r**3 - 2*r + 1. Is a(s) prime?
True
Suppose -q + 5*v + 56 = -2*q, v = q + 68. Is (-10643)/((33/q)/((-2)/(-4))) prime?
False
Suppose -33*h = -34*h - 20. Let r be (5 - 3)*(-2)/4. Is (-3812)/h + (9/(-15) - r) prime?
True
Let r = -16993 + 28490. Is r prime?
True
Let s = -44196 - -113339. Is s a composite number?
False
Let k(s) = s - 1. Let y(x) = x. Let m(v) = 4*k(v) - 3*y(v). Let i be m(1). Is (-206)/3*i - 1 composite?
True
Let g be (-6 + 4)/(4/(-6)). Suppose -v + 4*y + 504 = 0, -2*y = g*v + 3*y - 1495. Suppose 2*t + 2*j + 2*j - v = 0, 4*j + 516 = 2*t. Is t composite?
True
Suppose 980087 = 23*c - 521989 + 71729. Is c a prime number?
True
Is (-30)/(-3) - (-29217 - 4) prime?
True
Let a(j) = 3449*j**2 - 8*j - 9. Is a(8) composite?
False
Suppose 400*s - 351*s = 2014733. Is s a composite number?
False
Let r(a) = 259311*a + 601. Is r(14) a composite number?
True
Let x(a) = -14*a - 66. Let h be x(-5). Suppose -3*j = 4*p - 6821, h*p - 2693 = -j - 414. Is j a prime number?
False
Let p(t) = 3*t + 54. Let b be p(-12). Suppose 12*y + 5370 = b*y. Is y composite?
True
Let j(z) = -45*z + 109. Let n = 390 + -403. Is j(n) a composite number?
True
Is (-10 + 11)/(-1)*-48611 composite?
False
Let g(c) = -5996*c + 461. Is g(-36) prime?
True
Let z(m) = -2*m - 3. Let b be z(-7). Let a(y) = 10*y**2 - y + 2. Let r(p) = 9*p**2 + p + 3. Let i(w) = -2*a(w) + 3*r(w). Is i(b) a prime number?
True
Let v = -24 + 24. Suppose 5*b - 12*b + 5173 = v. Is b prime?
True
Let f be (-2)/(-8) + (-253)/(-92). Suppose 0 = d - 5*s - 5727, -f*s + 11434 = 2*d - 8*s. Is d prime?
False
Suppose 0 = -10*z + 12*z - 4. Is 4/1 + 289 + z a prime number?
False
Suppose -2*b + 5*p + 84656 = 0, 27*p = -b + 22*p + 42313. Is b prime?
True
Let p = 260 + -229. Let i = 6269 - p. Is i a prime number?
False
Let q = 61539 - 28552. Is q a composite number?
False
Let h(p) = 3*p**2 + 2*p + 29. Let t be ((-10)/6 + 2)/((-8)/(-312)). Let c be h(t). Let w = c + 21. Is w a prime number?
False
Let p(i) be the first derivative of -2*i + 1/3*i**3 + 20 - 1461/4*i**4 - 1/2*i**2. Is p(-1) a prime number?
False
Let x(l) = 10239*l - 15620. Is x(127) composite?
True
Let l be -1 + 15145/2 + (-3)/(-6). Let s = 14309 - l. Is s prime?
True
Suppose -5*v - 20*v = -100. Is ((-8)/16)/(v + 143154/(-35788)) a composite number?
True
Let k = 234 - 231. Is 2 + 307 - (0 + (k - 1)) prime?
True
Let h(w) = 2035*w**3 - 2024*w**3 + 0*w**2 - w**2. Let q be (0 - 1)*((-3)/3 + 0). Is h(q) prime?
False
Suppose -s - 1087 = x, -3*x + 3*s - 91 - 3152 = 0. Suppose -n = 4*r - 589, -599 = -0*n - n - 2*r. Let t = n - x. Is t composite?
False
Suppose 0 = 34*q - 32*q - 2. Is (-60)/(-48)*892/q a prime number?
False
Suppose 4*l + 5*z = 1247222, 601551 = 3*l - 2*z - 333854. Is l a prime number?
True
Suppose 5*z + 3184 = 99. Suppose -r + 9*a - 14*a = 26, 2*a = 5*r + 157. Let l = r - z. Is l a composite number?
True
Let s(l) = -l + 15. Let p be s(11). Suppose p = -8*d - 28. Is (-4 - d) + 3*53 prime?
False
Let f(r) = r**3 + 9*r**2 - 7*r + 32. Let a be f(-10). Suppose -a*d - 2*p = -2544, d - 1258 = 3*p + 34. Is d composite?
False
Let c(q) = -q**3 - 2*q**2 + 10*q + 5. Let z be c(-5). Let h be (126/z - 3)/(3/(-10)). Is ((-18)/h - 2)*15174/45 a prime number?
False
Suppose -133*p + 9863995 = -2514448. Is p a prime number?
False
Suppose -3*l = -13*l + 5*t + 460215, l = 4*t + 46025. Is l prime?
True
Suppose -68684 = 26*r + 2*r. Is 3 - ((r - -2) + -5) prime?
True
Is (-8)/168 - (-9666640)/84 a composite number?
False
Suppose -a = -5*s + 444 + 61, -2*s - 1010 = 2*a. Is 5/3*(-529341)/a a composite number?
False
Let j = 202602 + -79795. Is j a composite number?
True
Let q(h) = 482*h - 10. Let y be q(20). Suppose -3*d = -3*i - y, -d = -3*i + i - 3215. Let v = d - 888. Is v prime?
False
Is 7/(70/(-60)) - -72427 a prime number?
True
Suppose 20*h = 26*h - 18. Suppose 4*b = -h*a + 44025 + 3837, 3*b - 3*a = 35907. Suppose b = -3*t + 6*t. Is t prime?
True
Suppose -7*w = -13*w + 78786. Suppose -11*c = -193729 + w. Is c a composite number?
True
Let p be ((-17862)/(-2))/(2/(-12)*6). Let n = -2632 - p. Is n a prime number?
True
Suppose -1306 = -u + 3*g + 178, 4*u = 5*g + 5964. Suppose 2*y = -o + 10377, o - u = 5*y + 8902. Is o a composite number?
True
Suppose -5*j = 2*c + 2*c - 10, -5*c - 3*j + 19 = 0. Let w be (c/(-2))/((-3)/12*2). Suppose -2*n - 5*x = -1554, -543 = -5*n - w*x + 3372. Is n composite?
False
Suppose 2*p = -c + 11577, -2*c - 13*p + 23140 = -16*p. Is c a prime number?
False
Suppose -15*n - 330901 = -k - 10*n, 8 = -2*n. Is k prime?
False
Let j(s) = 14000*s**2 + 127*s + 865. Is j(-6) prime?
True
Suppose 0 = 2*y - 3*y + 2. Let x(j) = 4*j**2 - 8 + 7*j - 2*j - 3*j + 7. Is x(y) composite?
False
Is 3034977/(132/(-12))*4/(-4) a composite number?
True
Let a(t) = 3*t - 34. Let s be a(16). Suppose -9 = x - s. Suppose -5*w = -2*z + 1064, -z - w + 535 = -x*w. Is z composite?
True
Suppose 3*z + 5*g - 82231 = 0, 14*g - 27409 = -z + 12*g. Suppose -52442 = -13*l + z. Is l composite?
False
Let v be 70 - ((1 - 1) + 3). Suppose 63*n + 9716 = v*n. Is n composite?
True
Suppose 112*w - 117*w + 15 = 0. Suppose b = l + 470, 5*b + 1394 = -w*l - 0*b. Let c = -161 - l. Is c a composite number?
False
Let p = 1330062 - 655671. Is p composite?
True
Suppose -1494*j + 1579*j = 6220385. Is j a prime number?
True
Suppose 4*g = 7*g - 0*g. Let j be (4 + 2048/(-20))*-10. Suppose -l + j = l - v, 3*l - v - 1477 = g. Is l composite?
True
Suppose 46527389 = 126*l + 81*l + 16*l. Is l composite?
True
Let x = 96 + -86. Suppose -x*r = 50613 - 245023. Is r a prime number?
True
Let f(o) = 956*o**3 - 3*o**2 + 3*o - 1. Suppose g - a = 1, -5*g + a - 3*a = -5. Let j be f(g). Is j - (-2 - (-2 - 0)) prime?
False
Suppose -2*l + 2*m + 18 = 0, 2*m + 2 = -2*l + 8. Let j be 1293/2 + (-9)/l. Let p = j + -280. Is p a prime number?
False
Let w(v) = 54333*v - 35. Is w(2) prime?
True
Suppose 0 = g - 3 - 2, 0 = 4*f - 3*g + 15. Let a = 147 - 117. Suppose 3*s = 4*j + 25, -s + f*s - 3*j = -a. Is s a composite number?
True
Let k be 158329 - 6*1/(-3). Is k/15 - 24/60 a prime number?
False
Let f(t) = -62*t**3 - 4*t**2 + 4*t + 11. Let x(o) = o**3 - 1. Let a(l) = f(l) + 4*x(l). Is a(-4) a prime number?
False
Suppose 24*r - 2252399 - 611522 = 3462407. Is r prime?
True
Suppose -3*l - 2*g + 47287 = 0, -103*l + 5*g + 47231 = -100*l. Is l composite?
True
Let k be (-1 - -19) + (-78)/26. Is (-2)/15 - (-23117)/k composite?
True
Let i be (1 + -2 + -236)/(-3 - -2). Suppose -2*g + 38 = -0*g. Suppose 0 = -18*r + g*r - i. Is r prime?
False
Let s(l) = l**3 + 16*l**2 + 18*l - 13. Let a be (-2)/(-3)*(3 + 2 - 23). Is s(a) composite?
False
Let h(z) = 103*z - 155. Let v be h(-18). Suppose 4 = -2*a + 4*a. Is a*-1 - -6 - (v + -8) a prime number?
False
Let d(k) = -k + 6. Let p be d(6). Suppose p = 8*z - 20*z + 124692. Is z a prime number?
True
Let p be (36/(-30))/(7/(-1890)). Let a = 733 - p. Is a a composite number?
False
Suppose -106*i + 4118394 + 3694357 = -10703223. Is i composite?
False
Suppose t - 169 = o - 3*o, o - 353 = -2*t. Suppose 2*f + 5*h = 2224, t - 2421 = -2*f + 4*h. Is f a prime number?
True
Let b(t) = 4982*t + 9451. Is b(95) a composite number?
True
Suppose 13*w + 112 + 5 = 0. Is 1*-4 - (3 + 160476)/w prime?
True
Let p(n) = -188*n + 3. Let m be p(1). Let l = 238 - m. Let s = l - 52. Is s a composite number?
True
Let l be -91330*5/(-10)*1/5. Is (-210)/30 - (-1 - l) composite?
False
Let z be -2 + 3 + -5 + 4 + 5. Suppose b = 2*a + 4866 + 1583, 0 = z*b + 3*a - 32219. Is b a prime number?
False
Suppose -24*f = -23*f - 56*f + 14809135. Is f composite?
False
Suppose -28*x - 42 = -238. Suppose x*b - 108302 = 151251. Is b a composite number?
True
Suppose -15 = -2*d - 9. Suppose 4*i + 3*s = -12341, 2*i + 6178 = -d*s - s. Let y = i + 4978. Is y pr